e remainder when j is divided by 13.
10
Let m(i) = -i + 1. Let o(l) = 19*l + 4. Let x(d) = -3*m(d) + o(d). Calculate the remainder when x(1) is divided by 13.
10
Let p(d) = d - 4. Let x be p(3). Calculate the remainder when -39*x/(0 - -3) is divided by 8.
5
Let f(t) = 4*t**2 - 13 + 3 - 7*t - 3*t**2. What is the remainder when 31 is divided by f(9)?
7
Let g = 11 - 15. Let b = g - -26. Calculate the remainder when b is divided by 6.
4
Suppose 0 = 3*y - 5*x + 2 + 3, 0 = -x + 1. Suppose 126 = 2*f - y*f. What is the remainder when 26 is divided by ((-6)/9)/((-3)/f)?
12
Let j(g) = -g**3 + 2*g. Let m = 2 + 0. Suppose -2 = l - t, 0 = -l - m*l + 4*t - 5. What is the remainder when j(l) is divided by 6?
3
Let i(t) = 24*t**2 - 1 + 0*t**2 + t + 2*t**2. What is the remainder when i(1) is divided by 7?
5
Suppose -t - 55 = -6*t. Calculate the remainder when 19 is divided by t.
8
Let u = 2 - -8. Calculate the remainder when 29 is divided by u.
9
Let j be (5/5)/((-1)/6). Let o be (4/(-5))/(j/15). What is the remainder when 14 is divided by 1/o + (-45)/(-6)?
6
Let r(s) = 10*s**3 - s. Let p be ((-1)/2)/(6/(-12)). Let m be r(p). Calculate the remainder when 4 is divided by (4/(-3))/((-6)/m).
0
Let m = -11 - -23. What is the remainder when 32 is divided by m?
8
Let y = 3 - -1. Suppose -c + 150 = -0*w - y*w, 5*c - 670 = 4*w. Suppose -c = -4*s + 58. What is the remainder when s is divided by 24?
23
Let k = 29 - -17. What is the remainder when k is divided by ((-16)/(-6))/((-4)/(-18))?
10
Suppose 2*i + 3*i = -2*r + 42, -5*i + 45 = 5*r. Suppose -5*u = -i*u + 90. Calculate the remainder when u is divided by 16.
14
Suppose 0 = 2*f - 54 + 14. Calculate the remainder when f is divided by ((-11)/2)/((-2)/4).
9
Suppose -k + l + 18 + 9 = 0, k = -5*l + 3. Let o = 279 + -266. What is the remainder when k is divided by o?
10
Suppose -h + 44 + 29 = 4*q, -122 = -2*h + 4*q. What is the remainder when h is divided by 11?
10
Suppose -3*i = -0*i - 39. What is the remainder when 36 is divided by i?
10
Let p(d) = -d**2 - 4*d + 5. Let h be p(-6). Let j = 8 - h. What is the remainder when j is divided by 4?
3
Suppose -2*u + 62 = 4*a, 5*a + 5 = -15. Calculate the remainder when u is divided by 10.
9
Let i = -33 - -49. Calculate the remainder when i is divided by 6.
4
Suppose 5*d - 1 = 39. What is the remainder when 8 is divided by d?
0
Suppose k = v + 6, 0 = 2*k + 5*v - 1 + 10. Suppose -2*y - k*y = -75. Calculate the remainder when 43 is divided by y.
13
Suppose 2 + 4 = 3*l. Let c(k) = k**2 + 2 - k**2 + 2*k**l + k - 2*k**3. What is the remainder when 70 is divided by c(-2)?
22
Let w be (6 - (2 + 0)) + -2. Suppose 2*v - 80 = -w*v. What is the remainder when v is divided by 5/(-10) - 15/(-2)?
6
Let s be 2 - (2 - 1)/(-1). Suppose 0*k - k = -4*u - 20, 0 = -5*u + s*k - 18. Let l = u + 18. What is the remainder when 34 is divided by l?
10
Suppose 3*o - f - 74 = 3*f, 0 = 4*f + 8. What is the remainder when o is divided by 2?
0
Let t(d) = d**2 - 12*d + 41. Let v = -1 + -5. Let b(h) = -4*h - 7. What is the remainder when b(v) is divided by t(4)?
8
Suppose -61 = -5*a + 104. Let q = 17 - -81. Calculate the remainder when q is divided by a.
32
Suppose -6*h + h + 10 = 0. What is the remainder when 31 is divided by h - (2 + 2 + -10)?
7
Suppose 2*c + 9 = p, -2*p - 4 = -2*c - 18. Let v = c - -5. Suppose -v*m + 19 = -5*j + 61, -j + 26 = -5*m. Calculate the remainder when j is divided by 4.
2
What is the remainder when 100 + 0 + (-1 - (-2 + -2)) is divided by 36?
31
What is the remainder when 63 is divided by 1 + (14 - (-2 - 0))?
12
Let o(p) = 14*p**2 + p - 1. Suppose 0 = -2*k + 3*k - 1. Calculate the remainder when 53 is divided by o(k).
11
Let v = 12 + -4. Suppose -4*j + 2*h + 310 = 0, v*h - 3*h + 313 = 4*j. What is the remainder when j is divided by 20?
17
Let b(c) be the third derivative of c**5/60 - c**4/24 - c**3/3 + 2*c**2. What is the remainder when b(5) is divided by 5?
3
Suppose -3*v + v - 4 = 3*d, 2*v - 2*d = 16. Suppose 90 = 3*z + 3*y - 63, 222 = v*z - 5*y. What is the remainder when z is divided by 14?
11
Let z(n) = -6*n + 5*n + n**2 - 5*n + 5*n + n**3. Let g be z(-2). Calculate the remainder when 38 is divided by (-2 + -11)/(1 + g).
12
Suppose -3 = -2*k + 1. Suppose -4 = 5*d + 4*z - 17, -3*z + 6 = 0. What is the remainder when k is divided by d?
0
Let v(n) = -2*n + 31. What is the remainder when 18 is divided by v(10)?
7
Suppose -6 = 2*l + 8. Let s = l - -45. Calculate the remainder when 111 is divided by s.
35
Let d(a) = a**3 + 10*a**2 - 10*a + 20. Calculate the remainder when 32 is divided by d(-11).
5
Suppose -70 = -4*k + 26. Let r = 9 - 6. Suppose r*s = 47 - 8. Calculate the remainder when k is divided by s.
11
Calculate the remainder when 42 + (0/4 - 1) is divided by 14.
13
Let j = 145 + -112. Suppose -g + 0*p - 3*p + 9 = 0, 4*p = -5*g + 78. Calculate the remainder when j is divided by g.
15
Let p be -3 + 6/((-2)/(-1)). Suppose p*m + 47 = m. Calculate the remainder when m is divided by 12.
11
Suppose c + 5*j = 13, 0 = j - 1 + 2. Let m = -6 + c. What is the remainder when m is divided by 7?
5
Let m be (-93)/7 - 2/(-7). Let p = m + 15. Calculate the remainder when ((-3)/(-2) - 2)*-6 is divided by p.
1
Suppose 0*d + 4 = -d, 3*j + 35 = d. Let c = -11 - j. Let q = 1 - -1. What is the remainder when c is divided by q?
0
Suppose 20*g - 18*g = 62. What is the remainder when 92 is divided by g?
30
Let p = 9 + -7. Let l(y) = -2*y**2 - 2*y + 1. Let m(q) = 4*q**2 + 5*q - 2. Let d(s) = -7*l(s) - 3*m(s). What is the remainder when d(p) is divided by 2?
1
Suppose 5*l - y = 124, 48*l - 122 = 43*l + 3*y. What is the remainder when l is divided by ((-3)/3)/(1/(-7))?
4
Suppose 713 - 116 = -5*b + o, 2*o = -3*b - 366. What is the remainder when 1*-3*b/9 is divided by 14?
12
Let k = -20 - -33. Let p = k + -8. Let i = 3 + p. What is the remainder when i is divided by 3?
2
Suppose 0*r + 6 = 2*y + 2*r, 55 = 5*y - 5*r. What is the remainder when 18 is divided by y?
4
Let a = 28 + -15. What is the remainder when a is divided by 5?
3
Calculate the remainder when 83 is divided by 6/(-8) - (-805)/28.
27
Let t be (7 - 19)*5/(-4). Suppose 4*n = -j + 89, t = j + 2*j. What is the remainder when 62 is divided by n?
20
Suppose 0 = -d + 1 + 2, d - 49 = 2*j. Let s = 44 + j. What is the remainder when s is divided by 11?
10
Suppose -29 + 6 = -g. Suppose i = -5*p - 5 + 29, 3*p = -12. What is the remainder when i is divided by g?
21
Let j(b) = 22*b - 51. What is the remainder when j(4) is divided by 10?
7
Suppose 5*b - 15 = 10. Suppose -120 = b*d - 5*h, -4*d - 5*h - 76 = -4*h. Let w = d + 61. Calculate the remainder when w is divided by 14.
13
What is the remainder when 37 is divided by (-1 - -2)*(20 - 6 - 6)?
5
What is the remainder when 53 is divided by ((-74)/4 + (-3)/(-6))*-1?
17
Suppose -90 = 4*h + 2*y, -8 - 89 = 4*h - 5*y. Let g = 2 - h. What is the remainder when g is divided by 20/12*6 + -1?
7
Suppose 8*q = 3*q, 5*t - 2*q - 10 = 0. Suppose -t*o = o - 9. Calculate the remainder when ((-1)/(-1))/((-1)/(-5)) is divided by o.
2
Let j(t) = -2*t**2 + 41*t - 18. What is the remainder when j(19) is divided by 26?
13
Let v = 19 + -6. What is the remainder when 51 is divided by v?
12
Let q be 1*-1 + 325/13. Suppose -j + q = 2*j. What is the remainder when 31 is divided by j?
7
Let r = 16 - -19. What is the remainder when r is divided by (-1 - (-12 - 1))*(-1 - -2)?
11
Let s be (-4)/(-14) + 27/(-21). Let p = s - -5. Calculate the remainder when 15 is divided by ((-4)/5)/(p/(-40)).
7
Calculate the remainder when 47 is divided by 6/(-26*(-2)/(-32) - -2).
15
Suppose 0*x = -2*x + 30. Suppose -28 = -0*j - j. What is the remainder when j is divided by x?
13
Let w be (-8)/(-10)*105/2. Suppose 4*x - x = w. Calculate the remainder when 26 is divided by x.
12
Let z = 12 - 1. Suppose 11*i - 8*i = 15. What is the remainder when z + (1 + 1)/(-1) is divided by i?
4
Suppose 4 - 2 = -j. Let i(q) = -q**3 + 3*q + 2. What is the remainder when 15 is divided by i(j)?
3
Suppose -3*g + 5*j + 32 = 0, -34 = 5*g + 2*j - 139. Let d = g + 16. Calculate the remainder when d is divided by 9.
8
Let x be ((-3)/2)/(9/(-48)). Suppose -f + 9 + x = 0. What is the remainder when 50 is divided by f?
16
Suppose 5 = 5*b - 2*y - 30, 5 = y. Suppose 5*a - 289 = 6. Sup